[INFO] cloning repository https://github.com/Kl4rry/ez-audio
[INFO] running `Command { std: "git" "-c" "credential.helper=" "-c" "credential.helper=/workspace/cargo-home/bin/git-credential-null" "clone" "--bare" "https://github.com/Kl4rry/ez-audio" "/workspace/cache/git-repos/https%3A%2F%2Fgithub.com%2FKl4rry%2Fez-audio", kill_on_drop: false }`
[INFO] [stderr] Cloning into bare repository '/workspace/cache/git-repos/https%3A%2F%2Fgithub.com%2FKl4rry%2Fez-audio'...
[INFO] running `Command { std: "git" "rev-parse" "HEAD", kill_on_drop: false }`
[INFO] [stdout] b89d3f1c3907d17b04a3f6fffa76d1aa27a4f0e0
[INFO] checking Kl4rry/ez-audio against master#e6e4f7ed1589e03bc2f6c5931c1a72e7947e8682 for beta-170-4
[INFO] running `Command { std: "git" "clone" "/workspace/cache/git-repos/https%3A%2F%2Fgithub.com%2FKl4rry%2Fez-audio" "/workspace/builds/worker-1-tc2/source", kill_on_drop: false }`
[INFO] [stderr] Cloning into '/workspace/builds/worker-1-tc2/source'...
[INFO] [stderr] done.
[INFO] validating manifest of git repo https://github.com/Kl4rry/ez-audio on toolchain e6e4f7ed1589e03bc2f6c5931c1a72e7947e8682
[INFO] running `Command { std: CARGO_HOME="/workspace/cargo-home" RUSTUP_HOME="/workspace/rustup-home" "/workspace/cargo-home/bin/cargo" "+e6e4f7ed1589e03bc2f6c5931c1a72e7947e8682" "metadata" "--manifest-path" "Cargo.toml" "--no-deps", kill_on_drop: false }`
[INFO] started tweaking git repo https://github.com/Kl4rry/ez-audio
[INFO] finished tweaking git repo https://github.com/Kl4rry/ez-audio
[INFO] tweaked toml for git repo https://github.com/Kl4rry/ez-audio written to /workspace/builds/worker-1-tc2/source/Cargo.toml
[INFO] crate git repo https://github.com/Kl4rry/ez-audio already has a lockfile, it will not be regenerated
[INFO] running `Command { std: CARGO_HOME="/workspace/cargo-home" RUSTUP_HOME="/workspace/rustup-home" "/workspace/cargo-home/bin/cargo" "+e6e4f7ed1589e03bc2f6c5931c1a72e7947e8682" "fetch" "--manifest-path" "Cargo.toml", kill_on_drop: false }`
[INFO] running `Command { std: "docker" "create" "-v" "/var/lib/crater-agent-workspace/builds/worker-1-tc2/target:/opt/rustwide/target:rw,Z" "-v" "/var/lib/crater-agent-workspace/builds/worker-1-tc2/source:/opt/rustwide/workdir:ro,Z" "-v" "/var/lib/crater-agent-workspace/cargo-home:/opt/rustwide/cargo-home:ro,Z" "-v" "/var/lib/crater-agent-workspace/rustup-home:/opt/rustwide/rustup-home:ro,Z" "-e" "SOURCE_DIR=/opt/rustwide/workdir" "-e" "CARGO_TARGET_DIR=/opt/rustwide/target" "-e" "CARGO_HOME=/opt/rustwide/cargo-home" "-e" "RUSTUP_HOME=/opt/rustwide/rustup-home" "-w" "/opt/rustwide/workdir" "-m" "1610612736" "--user" "0:0" "--network" "none" "ghcr.io/rust-lang/crates-build-env/linux@sha256:19e73879b68f455e41552ea35293514db52ea292d993f571636dbffedb77a1ee" "/opt/rustwide/cargo-home/bin/cargo" "+e6e4f7ed1589e03bc2f6c5931c1a72e7947e8682" "metadata" "--no-deps" "--format-version=1", kill_on_drop: false }`
[INFO] [stdout] ff839fbf2cd607e1194f6f18310e1d6a8876dea5df94e75360c343931299e6bd
[INFO] running `Command { std: "docker" "start" "-a" "ff839fbf2cd607e1194f6f18310e1d6a8876dea5df94e75360c343931299e6bd", kill_on_drop: false }`
[INFO] running `Command { std: "docker" "inspect" "ff839fbf2cd607e1194f6f18310e1d6a8876dea5df94e75360c343931299e6bd", kill_on_drop: false }`
[INFO] running `Command { std: "docker" "rm" "-f" "ff839fbf2cd607e1194f6f18310e1d6a8876dea5df94e75360c343931299e6bd", kill_on_drop: false }`
[INFO] [stdout] ff839fbf2cd607e1194f6f18310e1d6a8876dea5df94e75360c343931299e6bd
[INFO] running `Command { std: "docker" "create" "-v" "/var/lib/crater-agent-workspace/builds/worker-1-tc2/target:/opt/rustwide/target:rw,Z" "-v" "/var/lib/crater-agent-workspace/builds/worker-1-tc2/source:/opt/rustwide/workdir:ro,Z" "-v" "/var/lib/crater-agent-workspace/cargo-home:/opt/rustwide/cargo-home:ro,Z" "-v" "/var/lib/crater-agent-workspace/rustup-home:/opt/rustwide/rustup-home:ro,Z" "-e" "SOURCE_DIR=/opt/rustwide/workdir" "-e" "CARGO_TARGET_DIR=/opt/rustwide/target" "-e" "CARGO_INCREMENTAL=0" "-e" "RUST_BACKTRACE=full" "-e" "RUSTFLAGS=--cap-lints=forbid" "-e" "RUSTDOCFLAGS=--cap-lints=forbid" "-e" "CARGO_HOME=/opt/rustwide/cargo-home" "-e" "RUSTUP_HOME=/opt/rustwide/rustup-home" "-w" "/opt/rustwide/workdir" "-m" "1610612736" "--user" "0:0" "--network" "none" "ghcr.io/rust-lang/crates-build-env/linux@sha256:19e73879b68f455e41552ea35293514db52ea292d993f571636dbffedb77a1ee" "/opt/rustwide/cargo-home/bin/cargo" "+e6e4f7ed1589e03bc2f6c5931c1a72e7947e8682" "check" "--frozen" "--all" "--all-targets" "--message-format=json", kill_on_drop: false }`
[INFO] [stdout] 0b6b89e06bc97fe1c556315d09413aa2094042f0064b9909f7e44347b286e531
[INFO] running `Command { std: "docker" "start" "-a" "0b6b89e06bc97fe1c556315d09413aa2094042f0064b9909f7e44347b286e531", kill_on_drop: false }`
[INFO] [stderr]    Compiling libc v0.2.94
[INFO] [stderr]    Compiling jobserver v0.1.22
[INFO] [stderr]    Compiling cc v1.0.67
[INFO] [stderr]    Compiling ez_audio v0.1.6 (/opt/rustwide/workdir)
[INFO] [stderr] warning: cc/AudioInterface.cc: In function 'void removeSound(size_t, AudioContext*)':
[INFO] [stderr] warning: cc/AudioInterface.cc:99:52: warning: deleting 'void*' is undefined [-Wdelete-incomplete]
[INFO] [stderr] warning:    99 |         delete context->soundClips->at(id)->device.pUserData;
[INFO] [stderr] warning:       |                ~~~~~~~~~~~~~~~~~~~~~~~~~~~~~~~~~~~~^~~~~~~~~
[INFO] [stderr] warning: In file included from cc/AudioPlayer.cc:6:
[INFO] [stderr] warning: cc/stb_vorbis.c: In function 'int do_floor(vorb*, Mapping*, int, int, float*, YTYPE*, uint8*)':
[INFO] [stderr] warning: cc/stb_vorbis.c:3055:95: warning: unused parameter 'step2_flag' [-Wunused-parameter]
[INFO] [stderr] warning:  3055 | static int do_floor(vorb *f, Mapping *map, int i, int n, float *target, YTYPE *finalY, uint8 *step2_flag)
[INFO] [stderr] warning:       |                                                                                        ~~~~~~~^~~~~~~~~~
[INFO] [stderr] warning: cc/stb_vorbis.c: In function 'int vorbis_decode_packet_rest(vorb*, int*, Mode*, int, int, int, int, int*)':
[INFO] [stderr] warning: cc/stb_vorbis.c:3162:86: warning: unused parameter 'left_end' [-Wunused-parameter]
[INFO] [stderr] warning:  3162 | static int vorbis_decode_packet_rest(vorb *f, int *len, Mode *m, int left_start, int left_end, int right_start, int right_end, int *p_left)
[INFO] [stderr] warning:       |                                                                                  ~~~~^~~~~~~~
[INFO] [stdout] error[E0059]: type parameter to bare `FnOnce` trait must be a tuple
[INFO] [stdout]  --> src/void.rs:3:9
[INFO] [stdout]   |
[INFO] [stdout] 3 | impl<T> FnOnce<T> for Void {
[INFO] [stdout]   |         ^^^^^^^^^ the trait `Tuple` is not implemented for `T`
[INFO] [stdout]   |
[INFO] [stdout] note: required by a bound in `FnOnce`
[INFO] [stdout]  --> /rustc/e6e4f7ed1589e03bc2f6c5931c1a72e7947e8682/library/core/src/ops/function.rs:242:1
[INFO] [stdout] help: consider restricting type parameter `T`
[INFO] [stdout]   |
[INFO] [stdout] 3 | impl<T: std::marker::Tuple> FnOnce<T> for Void {
[INFO] [stdout]   |       ++++++++++++++++++++
[INFO] [stdout] 
[INFO] [stdout] 
[INFO] [stdout] error[E0059]: type parameter to bare `FnOnce` trait must be a tuple
[INFO] [stdout]  --> src/void.rs:3:9
[INFO] [stdout]   |
[INFO] [stdout] 3 | impl<T> FnOnce<T> for Void {
[INFO] [stdout]   |         ^^^^^^^^^ the trait `Tuple` is not implemented for `T`
[INFO] [stdout]   |
[INFO] [stdout] note: required by a bound in `FnOnce`
[INFO] [stdout]  --> /rustc/e6e4f7ed1589e03bc2f6c5931c1a72e7947e8682/library/core/src/ops/function.rs:242:1
[INFO] [stdout] help: consider restricting type parameter `T`
[INFO] [stdout]   |
[INFO] [stdout] 3 | impl<T: std::marker::Tuple> FnOnce<T> for Void {
[INFO] [stdout]   |       ++++++++++++++++++++
[INFO] [stdout] 
[INFO] [stdout] 
[INFO] [stdout] error[E0059]: type parameter to bare `FnMut` trait must be a tuple
[INFO] [stdout]   --> src/void.rs:11:9
[INFO] [stdout]    |
[INFO] [stdout] 11 | impl<T> FnMut<T> for Void {
[INFO] [stdout]    |         ^^^^^^^^ the trait `Tuple` is not implemented for `T`
[INFO] [stdout]    |
[INFO] [stdout] note: required by a bound in `FnMut`
[INFO] [stdout]   --> /rustc/e6e4f7ed1589e03bc2f6c5931c1a72e7947e8682/library/core/src/ops/function.rs:163:1
[INFO] [stdout] help: consider restricting type parameter `T`
[INFO] [stdout]    |
[INFO] [stdout] 11 | impl<T: std::marker::Tuple> FnMut<T> for Void {
[INFO] [stdout]    |       ++++++++++++++++++++
[INFO] [stdout] 
[INFO] [stdout] 
[INFO] [stdout] error[E0059]: type parameter to bare `FnMut` trait must be a tuple
[INFO] [stdout]   --> src/void.rs:11:9
[INFO] [stdout]    |
[INFO] [stdout] 11 | impl<T> FnMut<T> for Void {
[INFO] [stdout]    |         ^^^^^^^^ the trait `Tuple` is not implemented for `T`
[INFO] [stdout]    |
[INFO] [stdout] note: required by a bound in `FnMut`
[INFO] [stdout]   --> /rustc/e6e4f7ed1589e03bc2f6c5931c1a72e7947e8682/library/core/src/ops/function.rs:163:1
[INFO] [stdout] help: consider restricting type parameter `T`
[INFO] [stdout]    |
[INFO] [stdout] 11 | impl<T: std::marker::Tuple> FnMut<T> for Void {
[INFO] [stdout]    |       ++++++++++++++++++++
[INFO] [stdout] 
[INFO] [stdout] 
[INFO] [stdout] error[E0059]: type parameter to bare `Fn` trait must be a tuple
[INFO] [stdout]   --> src/void.rs:17:9
[INFO] [stdout]    |
[INFO] [stdout] 17 | impl<T> Fn<T> for Void {
[INFO] [stdout]    |         ^^^^^ the trait `Tuple` is not implemented for `T`
[INFO] [stdout]    |
[INFO] [stdout] note: required by a bound in `Fn`
[INFO] [stdout]   --> /rustc/e6e4f7ed1589e03bc2f6c5931c1a72e7947e8682/library/core/src/ops/function.rs:76:1
[INFO] [stdout] help: consider restricting type parameter `T`
[INFO] [stdout]    |
[INFO] [stdout] 17 | impl<T: std::marker::Tuple> Fn<T> for Void {
[INFO] [stdout]    |       ++++++++++++++++++++
[INFO] [stdout] 
[INFO] [stdout] 
[INFO] [stdout] error[E0059]: type parameter to bare `Fn` trait must be a tuple
[INFO] [stdout]   --> src/void.rs:17:9
[INFO] [stdout]    |
[INFO] [stdout] 17 | impl<T> Fn<T> for Void {
[INFO] [stdout]    |         ^^^^^ the trait `Tuple` is not implemented for `T`
[INFO] [stdout]    |
[INFO] [stdout] note: required by a bound in `Fn`
[INFO] [stdout]   --> /rustc/e6e4f7ed1589e03bc2f6c5931c1a72e7947e8682/library/core/src/ops/function.rs:76:1
[INFO] [stdout] help: consider restricting type parameter `T`
[INFO] [stdout]    |
[INFO] [stdout] 17 | impl<T: std::marker::Tuple> Fn<T> for Void {
[INFO] [stdout]    |       ++++++++++++++++++++
[INFO] [stdout] 
[INFO] [stdout] 
[INFO] [stdout] error[E0277]: functions with the "rust-call" ABI must take a single non-self tuple argument
[INFO] [stdout]  --> src/void.rs:6:5
[INFO] [stdout]   |
[INFO] [stdout] 6 |     extern "rust-call" fn call_once(self, _args: T) {
[INFO] [stdout]   |     ^^^^^^^^^^^^^^^^^^^^^^^^^^^^^^^^^^^^^^^^^^^^^^^ the trait `Tuple` is not implemented for `T`
[INFO] [stdout]   |
[INFO] [stdout] help: consider restricting type parameter `T`
[INFO] [stdout]   |
[INFO] [stdout] 3 | impl<T: std::marker::Tuple> FnOnce<T> for Void {
[INFO] [stdout]   |       ++++++++++++++++++++
[INFO] [stdout] 
[INFO] [stdout] 
[INFO] [stdout] error[E0277]: functions with the "rust-call" ABI must take a single non-self tuple argument
[INFO] [stdout]   --> src/void.rs:12:5
[INFO] [stdout]    |
[INFO] [stdout] 12 |     extern "rust-call" fn call_mut(&mut self, _args: T) {
[INFO] [stdout]    |     ^^^^^^^^^^^^^^^^^^^^^^^^^^^^^^^^^^^^^^^^^^^^^^^^^^^ the trait `Tuple` is not implemented for `T`
[INFO] [stdout]    |
[INFO] [stdout] help: consider restricting type parameter `T`
[INFO] [stdout]    |
[INFO] [stdout] 11 | impl<T: std::marker::Tuple> FnMut<T> for Void {
[INFO] [stdout]    |       ++++++++++++++++++++
[INFO] [stdout] 
[INFO] [stdout] 
[INFO] [stdout] error[E0277]: functions with the "rust-call" ABI must take a single non-self tuple argument
[INFO] [stdout]   --> src/void.rs:18:5
[INFO] [stdout]    |
[INFO] [stdout] 18 |     extern "rust-call" fn call(&self, _args: T) {
[INFO] [stdout]    |     ^^^^^^^^^^^^^^^^^^^^^^^^^^^^^^^^^^^^^^^^^^^ the trait `Tuple` is not implemented for `T`
[INFO] [stdout]    |
[INFO] [stdout] help: consider restricting type parameter `T`
[INFO] [stdout]    |
[INFO] [stdout] 17 | impl<T: std::marker::Tuple> Fn<T> for Void {
[INFO] [stdout]    |       ++++++++++++++++++++
[INFO] [stdout] 
[INFO] [stdout] 
[INFO] [stdout] error: aborting due to 6 previous errors
[INFO] [stdout] 
[INFO] [stdout] 
[INFO] [stdout] Some errors have detailed explanations: E0059, E0277.
[INFO] [stdout] 
[INFO] [stdout] For more information about an error, try `rustc --explain E0059`.
[INFO] [stdout] 
[INFO] [stdout] error[E0277]: functions with the "rust-call" ABI must take a single non-self tuple argument
[INFO] [stdout]  --> src/void.rs:6:5
[INFO] [stdout]   |
[INFO] [stdout] 6 |     extern "rust-call" fn call_once(self, _args: T) {
[INFO] [stdout]   |     ^^^^^^^^^^^^^^^^^^^^^^^^^^^^^^^^^^^^^^^^^^^^^^^ the trait `Tuple` is not implemented for `T`
[INFO] [stdout]   |
[INFO] [stdout] help: consider restricting type parameter `T`
[INFO] [stdout]   |
[INFO] [stdout] 3 | impl<T: std::marker::Tuple> FnOnce<T> for Void {
[INFO] [stdout]   |       ++++++++++++++++++++
[INFO] [stdout] 
[INFO] [stdout] 
[INFO] [stdout] error[E0277]: functions with the "rust-call" ABI must take a single non-self tuple argument
[INFO] [stdout]   --> src/void.rs:12:5
[INFO] [stdout]    |
[INFO] [stdout] 12 |     extern "rust-call" fn call_mut(&mut self, _args: T) {
[INFO] [stdout]    |     ^^^^^^^^^^^^^^^^^^^^^^^^^^^^^^^^^^^^^^^^^^^^^^^^^^^ the trait `Tuple` is not implemented for `T`
[INFO] [stdout]    |
[INFO] [stdout] help: consider restricting type parameter `T`
[INFO] [stdout]    |
[INFO] [stdout] 11 | impl<T: std::marker::Tuple> FnMut<T> for Void {
[INFO] [stdout]    |       ++++++++++++++++++++
[INFO] [stdout] 
[INFO] [stdout] 
[INFO] [stdout] error[E0277]: functions with the "rust-call" ABI must take a single non-self tuple argument
[INFO] [stdout]   --> src/void.rs:18:5
[INFO] [stdout]    |
[INFO] [stdout] 18 |     extern "rust-call" fn call(&self, _args: T) {
[INFO] [stdout]    |     ^^^^^^^^^^^^^^^^^^^^^^^^^^^^^^^^^^^^^^^^^^^ the trait `Tuple` is not implemented for `T`
[INFO] [stdout]    |
[INFO] [stdout] help: consider restricting type parameter `T`
[INFO] [stdout]    |
[INFO] [stdout] 17 | impl<T: std::marker::Tuple> Fn<T> for Void {
[INFO] [stdout]    |       ++++++++++++++++++++
[INFO] [stdout] 
[INFO] [stdout] 
[INFO] [stdout] error: aborting due to 6 previous errors
[INFO] [stdout] 
[INFO] [stdout] 
[INFO] [stdout] Some errors have detailed explanations: E0059, E0277.
[INFO] [stdout] 
[INFO] [stdout] For more information about an error, try `rustc --explain E0059`.
[INFO] [stdout] 
[INFO] [stderr] The following warnings were emitted during compilation:
[INFO] [stderr] 
[INFO] [stderr] warning: cc/AudioInterface.cc: In function 'void removeSound(size_t, AudioContext*)':
[INFO] [stderr] warning: cc/AudioInterface.cc:99:52: warning: deleting 'void*' is undefined [-Wdelete-incomplete]
[INFO] [stderr] warning:    99 |         delete context->soundClips->at(id)->device.pUserData;
[INFO] [stderr] warning:       |                ~~~~~~~~~~~~~~~~~~~~~~~~~~~~~~~~~~~~^~~~~~~~~
[INFO] [stderr] warning: In file included from cc/AudioPlayer.cc:6:
[INFO] [stderr] warning: cc/stb_vorbis.c: In function 'int do_floor(vorb*, Mapping*, int, int, float*, YTYPE*, uint8*)':
[INFO] [stderr] warning: cc/stb_vorbis.c:3055:95: warning: unused parameter 'step2_flag' [-Wunused-parameter]
[INFO] [stderr] warning:  3055 | static int do_floor(vorb *f, Mapping *map, int i, int n, float *target, YTYPE *finalY, uint8 *step2_flag)
[INFO] [stderr] warning:       |                                                                                        ~~~~~~~^~~~~~~~~~
[INFO] [stderr] warning: cc/stb_vorbis.c: In function 'int vorbis_decode_packet_rest(vorb*, int*, Mode*, int, int, int, int, int*)':
[INFO] [stderr] warning: cc/stb_vorbis.c:3162:86: warning: unused parameter 'left_end' [-Wunused-parameter]
[INFO] [stderr] warning:  3162 | static int vorbis_decode_packet_rest(vorb *f, int *len, Mode *m, int left_start, int left_end, int right_start, int right_end, int *p_left)
[INFO] [stderr] warning:       |                                                                                  ~~~~^~~~~~~~
[INFO] [stderr] 
[INFO] [stderr] error: could not compile `ez_audio` (lib test) due to 7 previous errors
[INFO] [stderr] warning: build failed, waiting for other jobs to finish...
[INFO] [stderr] The following warnings were emitted during compilation:
[INFO] [stderr] 
[INFO] [stderr] warning: cc/AudioInterface.cc: In function 'void removeSound(size_t, AudioContext*)':
[INFO] [stderr] warning: cc/AudioInterface.cc:99:52: warning: deleting 'void*' is undefined [-Wdelete-incomplete]
[INFO] [stderr] warning:    99 |         delete context->soundClips->at(id)->device.pUserData;
[INFO] [stderr] warning:       |                ~~~~~~~~~~~~~~~~~~~~~~~~~~~~~~~~~~~~^~~~~~~~~
[INFO] [stderr] warning: In file included from cc/AudioPlayer.cc:6:
[INFO] [stderr] warning: cc/stb_vorbis.c: In function 'int do_floor(vorb*, Mapping*, int, int, float*, YTYPE*, uint8*)':
[INFO] [stderr] warning: cc/stb_vorbis.c:3055:95: warning: unused parameter 'step2_flag' [-Wunused-parameter]
[INFO] [stderr] warning:  3055 | static int do_floor(vorb *f, Mapping *map, int i, int n, float *target, YTYPE *finalY, uint8 *step2_flag)
[INFO] [stderr] warning:       |                                                                                        ~~~~~~~^~~~~~~~~~
[INFO] [stderr] warning: cc/stb_vorbis.c: In function 'int vorbis_decode_packet_rest(vorb*, int*, Mode*, int, int, int, int, int*)':
[INFO] [stderr] warning: cc/stb_vorbis.c:3162:86: warning: unused parameter 'left_end' [-Wunused-parameter]
[INFO] [stderr] warning:  3162 | static int vorbis_decode_packet_rest(vorb *f, int *len, Mode *m, int left_start, int left_end, int right_start, int right_end, int *p_left)
[INFO] [stderr] warning:       |                                                                                  ~~~~^~~~~~~~
[INFO] [stderr] 
[INFO] [stderr] error: could not compile `ez_audio` (lib) due to 7 previous errors
[INFO] running `Command { std: "docker" "inspect" "0b6b89e06bc97fe1c556315d09413aa2094042f0064b9909f7e44347b286e531", kill_on_drop: false }`
[INFO] running `Command { std: "docker" "rm" "-f" "0b6b89e06bc97fe1c556315d09413aa2094042f0064b9909f7e44347b286e531", kill_on_drop: false }`
[INFO] [stdout] 0b6b89e06bc97fe1c556315d09413aa2094042f0064b9909f7e44347b286e531
